etermine a(4).
19
Let b(y) = 16528*y - 892529. Determine b(54).
-17
Let i(s) = -4*s**2 + 1606*s - 55245. What is i(38)?
7
Let s(y) = y**2 - 1263*y + 39389. Determine s(32).
-3
Let m(y) = -193718*y + 3486926. Calculate m(18).
2
Let f(n) = -n**3 + 10*n**2 + 8*n - 4. Determine f(9).
149
Let o(v) = -v**2 + 95*v + 6503. Give o(-47).
-171
Let w(j) = 2*j**2 - 88*j + 384. Calculate w(42).
216
Let q(t) = t**3 - 83*t**2 + 1368*t + 37. Calculate q(20).
2197
Let f(w) = 4572*w + 338346. Determine f(-74).
18
Let u(c) = 78*c**3 + 454*c**2 - 86*c - 3. Calculate u(-6).
9
Let o(t) = -t**2 + 1868*t - 44216. Calculate o(24).
40
Let w(c) = -7820*c + 94225. Give w(12).
385
Let b(w) = -w**3 - 379*w**2 + 48489*w + 4294. What is b(-480)?
-26
Let p(f) = -f**3 + 71*f**2 + 379*f - 37. What is p(76)?
-113
Let q(f) = -1118*f**2 + 7750*f - 7748. Give q(1).
-1116
Let u(j) = 22752*j - 91000. Give u(4).
8
Let v(m) = 2*m**3 - 3*m**2 - 152*m + 201. Give v(9).
48
Let i(r) = -2340*r + 16421. What is i(7)?
41
Let r(t) = -2*t**3 - 3*t**2 - 24*t + 78. Give r(5).
-367
Let i(n) = -4*n**3 + 329*n**2 - 43*n - 2939. Give i(82).
259
Let w(l) = 3*l**3 - 231*l**2 + 1877*l - 364. Give w(9).
5
Let z(i) = -2893*i + 77801. Determine z(27).
-310
Let z(t) = -15*t**2 - 6791*t - 66423. Give z(-10).
-13
Let i(h) = -2942*h + 23101. Calculate i(8).
-435
Let p(f) = 68*f**2 - 8364*f + 16400. Determine p(121).
-56
Let f(w) = 565261*w + 5087367. Calculate f(-9).
18
Let y(n) = 997*n + 10982. Determine y(-11).
15
Let q(h) = -h**3 + 19*h**2 + 344*h + 784. Calculate q(31).
-84
Let v(a) = -2*a**3 + 9*a**2 + 6018*a - 24087. Give v(4).
1
Let z(v) = 242*v**3 - 115*v**2 - 117*v - 2. Determine z(-1).
-242
Let f(t) = -98*t**2 - 34*t + 40. Calculate f(3).
-944
Let p(h) = 23*h**2 + 536*h + 148. Calculate p(-18).
-2048
Let p(n) = -n**2 + 1086*n - 157940. Determine p(173).
9
Let w(i) = -60*i**2 + 1409*i - 1964. Give w(22).
-6
Let i(j) = j**3 - 32*j**2 - 203*j + 265. Calculate i(36).
-1859
Let h(p) = 14*p**2 - 221*p - 563. Calculate h(18).
-5
Let g(y) = -5*y**2 - 1059*y - 2956. What is g(-209)?
-30
Let l(j) = -65*j - 6564. What is l(-120)?
1236
Let u(h) = 115636*h - 809462. Calculate u(7).
-10
Let f(v) = -3787*v**2 - 10*v + 14. Calculate f(0).
14
Let b(i) = -5*i**2 + 58*i - 296. Determine b(9).
-179
Let p(g) = -2*g**3 + 40*g**2 - 364*g + 6270. Calculate p(19).
76
Let q(p) = 3*p**3 - 91*p**2 + 421*p + 92. What is q(6)?
-10
Let d(i) = -4594*i + 50383. Determine d(11).
-151
Let f(u) = 428*u - 14126. What is f(28)?
-2142
Let k(t) = 2*t**3 - 994*t**2 + 1977*t + 1461. Give k(495).
-24
Let h(v) = v**2 - 1248*v - 13786. Determine h(-11).
63
Let l(i) = -4*i**3 + 114*i**2 + 172*i - 16. What is l(30)?
-256
Let i(q) = -q**3 + 20*q**2 + 29*q - 653. What is i(13)?
907
Let k(o) = 2*o**3 - 10*o**2 - 73*o - 6. Determine k(-4).
-2
Let u(g) = g**2 - 4103*g + 49176. Determine u(12).
84
Let x(y) = 3161*y + 711448. What is x(-225)?
223
Let s(b) = -3*b**2 + 525*b + 24115. Give s(-38).
-167
Let k(n) = -18142*n - 2775736. Calculate k(-153).
-10
Let o(i) = 4*i**2 - 422*i - 13387. Give o(131).
-25
Let p(r) = 17*r**2 - 487*r - 1976. What is p(-4)?
244
Let x(f) = -f**3 - 115*f**2 - 1898*f + 593. What is x(-95)?
403
Let i(w) = 32*w**2 - 5683*w + 22760. What is i(4)?
540
Let m(a) = -a**2 - 3349*a - 200637. What is m(-61)?
-69
Let x(i) = 19*i**2 - 1674*i - 62. Calculate x(88).
-238
Let r(u) = -u**3 - 22*u**2 - 87*u + 166. Give r(-18).
436
Let x(d) = 4*d**2 - 96*d + 1281. Calculate x(20).
961
Let q(k) = -k**3 - 160*k**2 - 2260*k + 6438. Calculate q(-144).
102
Let y(n) = n**3 + 8*n**2 + 6*n - 154. Give y(0).
-154
Let r(q) = 3038*q + 100276. Determine r(-33).
22
Let f(z) = -80*z**3 - 8082*z**2 - 199*z + 286. Determine f(-101).
-17
Let s(q) = 2*q**3 + 76*q**2 - 12*q - 2844. Determine s(-37).
338
Let r(y) = -38*y**2 - 1940*y + 40609. Determine r(-67).
7
Let b(s) = -485951*s - 5831417. Give b(-12).
-5
Let o(q) = -q**2 - 242*q - 1423. What is o(-236)?
-7
Let r(a) = -6958*a + 6964. Give r(1).
6
Let n(l) = -525*l - 59819. Determine n(-114).
31
Let m(z) = z**2 + 2049*z + 34570. Determine m(-17).
26
Let c(j) = 246*j - 8682. Calculate c(36).
174
Let r(a) = -4998*a + 389833. Determine r(78).
-11
Let c(j) = -211155*j + 2533867. What is c(12)?
7
Let f(n) = -96162*n - 96167. Calculate f(-1).
-5
Let v(q) = -12182*q - 462920. Determine v(-38).
-4
Let m(r) = r**3 - 77*r**2 + 35*r + 23. Determine m(77).
2718
Let v(b) = 5*b**3 + 3*b**2 + 17*b + 32. Give v(-3).
-127
Let t(r) = 129*r**2 - 24744*r - 4695. Give t(192).
-87
Let g(k) = 3*k**3 + 101*k**2 + 787*k - 192. Give g(-21).
39
Let r(z) = 6*z**2 + 118*z - 453. Calculate r(5).
287
Let a(p) = 19*p - 1701. Give a(-18).
-2043
Let x(n) = n**3 - 93*n**2 + 190*n - 1512. What is x(91)?
-784
Let l(q) = 3*q**2 + 233*q - 6556. What is l(22)?
22
Let m(s) = -82*s**2 - 27297*s + 2987. Give m(-333).
-10
Let x(z) = z**2 + 1656*z - 14991. Calculate x(9).
-6
Let i(c) = -49*c - 1069. Calculate i(-5).
-824
Let c(d) = -121727*d - 243409. Determine c(-2).
45
Let c(y) = y**2 + 137*y + 139. Determine c(0).
139
Let d(j) = -7*j**2 - 192*j - 1821. Calculate d(-9).
-660
Let r(n) = -336*n**2 + 4*n - 123. Determine r(0).
-123
Let y(k) = 14314*k - 3964927. Calculate y(277).
51
Let a(t) = -8*t**2 - 539*t + 5591. Calculate a(9).
92
Let f(d) = d**3 + 44*d**2 - 152*d - 429. Calculate f(-47).
88
Let g(u) = 3233*u - 410602. Calculate g(127).
-11
Let c(l) = 4*l**2 + 154*l - 5392. What is c(23)?
266
Let k(x) = -x**3 - 4*x**2 - 62*x + 148. What is k(2)?
0
Let j(v) = -3328*v - 43263. Determine j(-13).
1
Let a(s) = -592*s - 209536. Give a(-354).
32
Let l(a) = -a**3 - 19*a**2 + 20*a + 644. Determine l(-6).
56
Let h(r) = r**3 - 68*r**2 + 1035*r + 1550. What is h(27)?
-394
Let j(i) = -i**3 + 15*i**2 + 14839*i - 251686. Give j(17).
-1
Let n(f) = -19554*f - 117406. Give n(-6).
-82
Let v(i) = i**3 - 18*i**2 - 248*i + 1271. Calculate v(5).
-294
Let z(n) = -1241*n - 85680. Calculate z(-69).
-51
Let r(g) = 2990*g + 293019. Determine r(-98).
-1
Let s(v) = 5*v**2 + 146618*v + 146618. Calculate s(-1).
5
Let r(b) = 1868*b + 41096. What is r(-22)?
0
Let d(q) = -q**3 - 263*q**2 - 9458*q - 337. Determine d(-220).
-777
Let u(g) = -9358*g + 205861. Give u(22).
-15
Let i(j) = -j**3 - 50*j**2 - 3179*j - 27792. What is i(-10)?
-2
Let g(c) = 858*c - 13441. Determine g(17).
1145
Let k(q) = -860*q + 72745. Give k(85).
-355
Let v(f) = f**3 + 398*f**2 - 474*f - 29908. Calculate v(-399).
17
Let u(q) = q**3 + 504*q**2 + 2012*q + 6140. What is u(-500)?
140
Let l(h) = -2*h**2 + 37*h + 195. Give l(-15).
-810
Let p(j) = 4247*j - 17340. Calculate p(4).
-352
Let c(u) = -79*u + 3925. Calculate c(48).
133
Let a(t) = -85*t**2 + 28*t + 375. Determine a(-2).
-21
Let s(j) = -412*j**2 + 7412*j + 79. Give s(18).
7
Let m(p) = -191*p - 14081. Give m(-68).
-1093
Let r(m) = 6*m**2 - 5944*m + 198846. Calculate r(956).
-2
Let o(b) = 23*b**2 + 400*b + 1913. What is o(-5)?
488
Let i(k) = k**3 - 16*k**2 - 146*k + 543. Calculate i(3).
-12
Let l(t) = 53*t + 28343. Calculate l(-535).
-12
Let l(w) = -4*w**3 + 35*w**2 - 22*w - 186. Calculate l(7).
3
Let c(x) = 25*x**2 + 1253*x + 199. What is c(-50)?
49
Let t(a) = -1001*a**2 + 7003*a + 11. Determine t(7).
-17
Let o(g) = g**3 - 90*g**2 + 931*g + 338. What is o(78)?
-52
Let h(l) = 1486*l - 919997. Give h(619).
-163
Let x(u) = 325*u - 3991. What is x(9)?
-1066
Let d(i) = -2*i**3 + 80*i**2 - 499*i - 80. Give d(7).
-339
Let n(j) = -542459*j - 5424599. Determine n(-10).
-9
Let v(m) = -41164*m + 905665. Determine v(22).
57
Let t(s) = 465*s - 62418. Calculate t(135).
357
Let x(w) = w**3 + 16*w**2 - 7037*w + 14002. Calculate x(2).
0
Let z(p) = -2*p**2 - 490*p - 11397. Give z(-219).
-9
Let b(u) = -870307*u + 5221848. What is b(6)?
6
Let f(z) = 116*z**3 - 123*z**2 - 6436*z - 9. Calculate f(8).
23
Let b(i) = 10*i**3 + 281*i**2 + 21*i - 105. Give b(-28).
91
Let m(q) = 1921581*q - 34588456. Calculate m(18).
2
Let x(o) = -193*o + 41592. What is x(217)?
-289
Let v(q) = 647*q + 23091. Calculate v(-36).
-201
Let l(u) = -26084*u - 130437. What is l(-5)?
-17
Let j(p) = -535*p - 314519. Give j(-588).
61
Let v(z) = -9*z**2 - 6199*z - 927688. What is v(-469)?
-6
Let q(b) = -13*b**3 - 2742*b**2 + 212*b - 589. Calculate q(-211).
-800
Let r(y) = -y**2 + 192*y - 5827. Determine r(39).
140
Let